
What is 11 + -41 + (26 - 6)?
-10
Calculate 16 - (32 + (-27 - -22)).
-11
(-26 - (-9 - (-11 + 15))) + 0
-13
Calculate 8 - (3 - (-7 - -8)) - (2 - -17).
-13
-14 - 2 - (96 - 124)
12
Evaluate -1 - (5 + (-2 - 35 - -3)).
28
What is 10 + -32 - (6 - 18)?
-10
Calculate (-1 - -13) + 62 + -63 - 8.
3
What is -1 - (-7 - ((-2 - -1) + -9 - -9))?
5
What is the value of (-15 - -1) + -1 + (-479 - -476)?
-18
What is -6 + (18 - -24 - 35)?
1
What is 7 - (10 + -5 + 9 - 7) - 10?
-10
(-9 - (4 - (-6 - -12))) + (-17 - -1)
-23
-32 + 5 - (-23 + -6 + 11 + 6)
-15
What is the value of -73 + 67 + (26 - (-4 + 4))?
20
(-2 - 2) + (1 - -8) - (-17 + 14)
8
-21 + (-3 - 0) + (-88 - -103)
-9
What is the value of -14 + (-8 - (8 - 27)) + 10?
7
What is the value of (3 + 10 - 3) + -2 - (-6 - -16)?
-2
Evaluate -2 - (22 + (-8 - (1 + 4))).
-11
Evaluate 12 - (318 - 297 - (-8 - 0)).
-17
What is (9 - (4 + 12 - 4)) + 6?
3
What is 7 + -5 - ((-4 - -6) + -8)?
8
Evaluate -11 - (5 - 5 - -12) - 9.
-32
Calculate (1 - -11) + -18 - -5.
-1
What is -24 + (16 - -24) - 6?
10
-12 + 3 + 9 + -8 + 4
-4
(-2 - 0) + 15 + -15 - (-35 - -19)
14
Calculate -9 + 10 + (-3 - 9) + 36 + 4.
29
What is the value of -1 + -4 + -10 + 4 + (14 - 8)?
-5
What is (75 - 80) + -3 + 2 + -8?
-14
What is -35 - -50 - (14 + 18)?
-17
Evaluate -36 - (6 + 2 + -9) - (8 - 7).
-36
What is 9 + (2 - (-14 + 10 - -17))?
-2
Calculate (-41 - -82 - 20) + -15 + -2.
4
6 + (-1 - -1) + 37 + -14 + -18
11
What is -28 - (-10 - (15 - 6) - -8 - -9)?
-26
-7 + -1 - (-1609 + 1604)
-3
What is the value of 12 + -11 + ((7 - 3) + -3 - 4)?
-2
Calculate 5 + -7 + -8 + -6 + -1.
-17
Evaluate -1 + -10 + 0 - -28.
17
What is (464 - 477) + (27 - -1)?
15
29 + -29 - (2 + -7 + 1 + 3)
1
(5 - 5) + (22 - 30)
-8
What is the value of -9 + 0 + (12 - (9 - 4)) + 2?
0
-2 + 5 - ((-28 - -31) + 8)
-8
What is 3 - 2 - -16 - 16?
1
Evaluate 201 - 204 - (-6 + -1).
4
Calculate 33 + -4 - (50 - 48 - (9 - 1)).
35
Calculate -4 + 5 + (-11 - (-8 + 12)).
-14
What is the value of (-3 - -4 - (80 - 61)) + 29?
11
Evaluate (5 - 1) + 16 + 0 + (205 - 213).
12
What is the value of (-1 - 8) + -6 - -3?
-12
Evaluate -17 + -13 + (-6 - (-25 + 2 + 8)).
-21
8 - (3 + -6 + 9 - 3)
5
-42 + 9 + (4 - -1) + 11
-17
Evaluate 64 + -48 - (5 - (-4 + 2)).
9
What is the value of -3 + (-13 - -1 - -14)?
-1
Calculate 29 + 9 + (1 - 11).
28
Evaluate -79 + (2 - -66) - (-4 - 1).
-6
Calculate 5 + 4 - (2 + (2 - -4)).
1
What is the value of (0 - 5) + (-5 - -14) + -7 - 6?
-9
Evaluate -1 - (-9 + 7 + -1 + 5).
-3
Evaluate 0 + (2 + -5 - (-35 + 34)).
-2
What is the value of 14 + -2 + 2 + -3 - (-101 - -88)?
24
Calculate (-4 - 1) + (-10 - -2).
-13
(-3 - 16) + (47 + 0 - 12)
16
What is (-12 - -33) + (-10 - 2 - -9)?
18
What is the value of 6 - (32 + (24 - 36))?
-14
-12 - (-71 + 10 + 28)
21
(1 - 9) + (-13 - (-24 - -15))
-12
What is the value of -17 - (-10 - ((-58 - -60) + (2 - 14)))?
-17
What is 14 - ((-1 - (6 + -4 - -2)) + -1)?
20
What is 2 + (-8 - -6) + -3 + 2?
-1
Calculate 7 + (3 - (4 - -4)) + -12.
-10
((3 - -3) + 24 - (11 + -7)) + -9
17
Evaluate -673 - -669 - (-2 - 11).
9
Evaluate (-2 - 1 - ((-5 - -4) + 4)) + 1.
-5
What is -458 - -472 - (-3 + -4 + 18)?
3
Calculate -3 + 28 + -3 + 5 + 9 + -16.
20
(4 - (-21 - -41)) + 15 - (27 - 1)
-27
Calculate -6 + (-11 - -2 - -29).
14
What is -145 - -154 - (-4 + 2 + 23)?
-12
What is the value of -31 + 0 - (-824 - -769)?
24
What is 1 + (3 - 4) - ((1 - -13) + -2)?
-12
Calculate -6 - ((-8 - (0 - 0) - 16) + 9).
9
What is the value of (2 - 1) + (-20 + 21 - (-14 + 10))?
6
Calculate (-2 - 5) + 1 - (6 + -3).
-9
Calculate (-24 - -3) + (-7 - (-13 - -11)).
-26
Calculate -31 + 13 - (16 - 15 - (-1 + -4)).
-24
What is -13 + (30 + -19 - 0)?
-2
What is -23 - (-15 + (8 - -4))?
-20
What is the value of 11 - ((35 - -2) + -10) - -4?
-12
Evaluate -84 + 75 + (1 - (-2 - 3)) - 15.
-18
Calculate -5 + (-2 - -4) - (33 - 35).
-1
(19 - (12 + (13 - -33))) + (1 - -1)
-37
Evaluate 31 + -5 + -3 + (0 - (-6 + 3)).
26
What is (3 - 1) + 5 + 5 + -1 + 0?
11
What is the value of (4 - -16) + 15 + -54?
-19
Calculate -21 + 35 + -13 - (5 - 2).
-2
-1 - -25 - (25 - 0 - (234 - 215))
18
Calculate -1 + -8 + 7 - (1 + (2 - 1)).
-4
(-8 + -6 - (-20 + 1)) + -1
4
What is the value of 3 - -1 - ((-8 - (-9 + -12)) + 7)?
-16
What is -71 + 61 - (2 - (3 + -1)) - -6?
-4
Calculate -17 - (-5 - 6) - (3 + -3).
-6
Calculate (17 - 0) + -18 - ((-2 - -3) + -15).
13
What is the value of 278 + -272 - (34 + -3 - -2)?
-27
What is the value of 0 + 11 + (151 - 157)?
5
Evaluate -21 + 10 - (-16 - -23).
-18
What is the value of -11 + (22 + 8 + -8 - (0 - -4))?
7
Evaluate -16 + -27 + (-10 - -11) - -11.
-31
What is the value of -4 - (4 + (-1 - 3)) - (10 - 5)?
-9
What is the value of 3 + (-14 + -3 + 5 - (8 + -6))?
-11
Evaluate 2 + (2 - -4 - -4 - 3) - 3.
6
What is -4 + -14 - (-10 + 1)?
-9
Calculate 34 + -14 + -14 - -4.
10
8 - (-7 - (-12 + 3 + 1) - -11)
-4
9 + (-11 - (-4 + 6)) + -6
-10
Calculate 2 + (-13 - -2 - (-8 - (-3 - -2))).
-2
Calculate 64 + -67 - (3 - 1).
-5
What is (-8 - -1) + (-20 - -34) + -23?
-16
Evaluate -8 - (-12 + 13 - -8).
-17
What is 1 + -5 + 5 + (0 - 9 - 1)?
-9
Calculate (4 + -5 - -13) + (4 - 0) - 2.
14
Calculate 6 + (-5 + 1 + 10 - 6) - 6.
0
Evaluate -2 - -2 - -7 - 21.
-14
What is the value of -19 + (-5 - ((21 - 13) + (-1 - 17)))?
-14
-7 - -19 - (-1 + 14)
-1
What is the value of 6 + (2 - 1) - (450 + -454)?
11
Calculate (4 + 2 - (-14 - -27)) + 15 - 15.
-7
Evaluate -35 + 50 + (7 - 1) + -3.
18
What is the value of 8 - (-5 + -6 - -5) - (0 + 1)?
13
2 - -5 - -4 - 23
-12
What is the value of 10 + -11 - -9 - (1 + 1)?
6
Calculate (0 - -2 - 3) + (0 - 8 - -2).
-7
Evaluate -64 + 10 + 23 + 50.
19
What is -24 - -24 - (-1 + -9)?
10
What is 5 - (17 - 13 - (3 - 2))?
2
What is (64 - 61) + 2 + -3 + 11?
13
Evaluate 10 - 5 - (2 - (28 - 12)).
19
Calculate (45 - 41 - (-16 - -1)) + (-2 - -2).
19
Evaluate -5 - 2 - 2 - (12 + -5 + -7).
-9
-22 + 6 + -17 + 27
-6
Calculate -18 + (1 - -24 - 2).
5
What is the value of 11 - (5 + 14) - 10?
-18
3 - (2 + 1 - ((15 - 20) + 0))
-5
Calculate (-19 - 8) + 20 + -5.
-12
What is the value of 16 - (-12 + 4 + 5)?
19
Calculate (0 + 1 - (1 - 0)) + 34 + -28.
6
What is the value of 5 + -3 - ((0 - -5) + 4)?
-7
What is (-38 - -17) + 12 + -7?
-16
What is (14 + -9 - -13) + -13?
5
What is 33 + 2 + -41 - 24?
-30
What is the value of -5 + -4 + 10 + -2 + (4 - 10)?
-7
Calculate (-26 - -12) + 28 + -2.
12
Calculate -27 - (-31 - (-7 + 0)).
-3
15 - (-4 - (33 + -48 + (6 - 1)))
9
Calculate (6 - (2 + -3 + -6)) + 5.
18
What is -392 + 402 - (-1 - (2 + -2))?
11
Calculate (7 - 8 - -10) + (18 - 5).
22
What is -1 - -6 - (13 + -2)?
-6
1065 + -1037 + -29 + 1
0
Calculate 41 - ((-23 - -46) + 1).
17
Evaluate 24 - (19 - (-4 + 11) - 8).
20
Evaluate (7 - -1) + 0 - (2 - (-36 + 12)).
-18
(-59 + 30 - 9) + 16
-22
Calculate -12 + 14 + -5 + (-1 - (2 + 0)).
-6
Calculate 18 - ((-122 - -108) + -1 + 14 + -3).
22
(35 - 35) + (0 - 18) + (-1 - -2)
-17
Calculate 12 + 2 + -5 + -11.
-2
What is the value of -5 + (-12 + (29 - 5) - -7)?
14
Evaluate -42 + -10 + 92 + -41.
-1
What is -10 + (-42 - -44 - (-7 - -2)) - 6?
-9
Calculate -832 - -820 - (-2 + (0 - 32)).
22
Evaluate -4 - (-7 + 44 + -52).
11
What is 28 + (-22 - 7) + -25?
-26
(-18 + 24 - (-1 + 3)) + (-3 - 0)
1
(67 - 61) + (7 + -11 - (-4 - 0))
6
-2 + 21 - (60 + -34) - 9
-16
-3 - (-6 - 7 - -8 - 6)
8
-42 - -38 - (8 - (0 - 1))
-13
What is the value of (4 - 3) + -2 + -15 + (5 - -6)?
-5
What is -427 - -413 - (1 - -12)?
-27
8 - ((24 - (-8 - -7)) + -4 - 3)
-10
What is the value of -13 + 18 + (35 - 7) + -12?
21
What is the value of 696 - 692 - (6 + -1)?
-1
6 - (-18 - (-16 - -10))
18
(12 - 29) + (-13 - -17) + (1 - 1)
-13
What is the value of -6 + -93 + 98 + (0 + -3 - -5)?
1
15 + (29 - 31) + (-1 - 24)
-12
2 - ((6 + -3 - 10) + 10) - -7
6
Evaluate (29 - 28) + (-9 - 1) - -9.
0
Calculate -46 - (-6 + 2 + -6).
-36
-1 + -12 - (-177 - -154)
10
-16 + 0 - -2 - -2
-12
What is (18 - 0 - 20) + 8?
6
What is the value of -7 - -1 - (-19 - -4)?
9
(6 - -9) + -42 + 9
-18
What is the value of (8 - -37 - 28) + (1 - 9 - 1)?
8
What is 2 - (2 + -3 + (12 - (-1 + 6)))?
-4
(15 + (-7 - -3) - -1) + -35 + 29
6
Evaluate 3 + 3 + 4 + -9.
1
What is the value of (7 - (8 + 3 - 19)) + -8?
7
-26 + -13 + (-11 - -38) - (2 + 1)
-15
Calculate -16 + 35 + -3 + 2 + 7.
25
Calculate -7 + -2 + 9 + 0 + 5.
5
What is the value of -95 + 36